{"id":59,"date":"2022-03-21T19:19:22","date_gmt":"2022-03-21T18:19:22","guid":{"rendered":"https:\/\/tpl.laziska.pl\/?page_id=59"},"modified":"2026-01-06T21:34:36","modified_gmt":"2026-01-06T20:34:36","slug":"o-nas","status":"publish","type":"page","link":"https:\/\/tpl.laziska.pl\/index.php\/o-nas\/","title":{"rendered":"O nas"},"content":{"rendered":"<div class=\"wp-block-image\">\n<figure class=\"aligncenter size-large is-resized\"><img loading=\"lazy\" decoding=\"async\" src=\"https:\/\/tpl.laziska.pl\/wp-content\/uploads\/2022\/06\/20220624_003111-1-1024x749.jpg\" alt=\"\" class=\"wp-image-327\" width=\"317\" height=\"231\" srcset=\"https:\/\/tpl.laziska.pl\/wp-content\/uploads\/2022\/06\/20220624_003111-1-1024x749.jpg 1024w, https:\/\/tpl.laziska.pl\/wp-content\/uploads\/2022\/06\/20220624_003111-1-300x220.jpg 300w, https:\/\/tpl.laziska.pl\/wp-content\/uploads\/2022\/06\/20220624_003111-1-768x562.jpg 768w, https:\/\/tpl.laziska.pl\/wp-content\/uploads\/2022\/06\/20220624_003111-1-1536x1124.jpg 1536w, https:\/\/tpl.laziska.pl\/wp-content\/uploads\/2022\/06\/20220624_003111-1-2048x1499.jpg 2048w\" sizes=\"auto, (max-width: 317px) 100vw, 317px\" \/><figcaption class=\"wp-element-caption\">Fragment pracy &#8222;\u0141aziska G\u00f3rne we wspomnieniach mieszka\u0144c\u00f3w&#8221;<\/figcaption><\/figure>\n<\/div>\n\n\n<p>W 1987 roku grupa entuzjast\u00f3w i pasjonat\u00f3w &#8211; spo\u0142ecznik\u00f3w zawi\u0105za\u0142a Komitet Obchod\u00f3w 700- lecia naszego miasta. Aby scali\u0107 i umocni\u0107 wsp\u00f3lne dzia\u0142ania, 25.09. 1987 roku przekszta\u0142ci\u0142 si\u0119 on w Towarzystwo Przyjaci\u00f3\u0142 \u0141azisk, kt\u00f3re, po opracowaniu stosownych dokument\u00f3w i statutu, zosta\u0142o wpisane w Rejestr Stowarzysze\u0144 Urz\u0119du Miejskiego w \u0141aziskach G\u00f3rnych. Od tej pory dzia\u0142a nieprzerwanie, wpisane jako &#8222;stowarzyszenie&#8221; w S\u0105dzie Wojew\u00f3dzkim. <\/p>\n\n\n\n<p><\/p>\n\n\n\n<p>G\u0142\u00f3wnym zadaniem stowarzyszenia by\u0142a i jest wsp\u00f3\u0142praca z organami i podmiotami miasta na rzecz jego rozwoju &#8211; g\u0142\u00f3wnie w sferze kulturalno &#8211; o\u015bwiatowej. Za cel stowarzyszenie stawia sobie integracj\u0119 \u015brodowiska lokalnego, inicjowanie zada\u0144, wsp\u00f3\u0142organizacj\u0119 przedsi\u0119wzi\u0119\u0107, przy rozbudzaniu i cementowaniu lokalnych wi\u0119zi i korzeni oraz ocalaniu od zapomnienia \u015blad\u00f3w historii. <\/p>\n\n\n\n<p><strong>Dzia\u0142alno\u015b\u0107 stowarzyszenia finansowana jest w\u00a0ramach realizacji zadania publicznego z\u00a0zakresu kultury, sztuki, ochrony d\u00f3br kultury i\u00a0dziedzictwa narodowego ze\u00a0\u015brodk\u00f3w publicznych Miasto \u0141aziska G\u00f3rne<\/strong>.<\/p>\n\n\n\n<p><\/p>\n\n\n\n<p>Obecnie siedzib\u0105 Towarzystwa Przyjaci\u00f3\u0142 \u0141azisk i miejscem spotka\u0144 jest Miejska Biblioteka Publiczna w \u0141aziskach G\u00f3rnych. <\/p>\n\n\n\n<p><\/p>\n","protected":false},"excerpt":{"rendered":"<p>W 1987 roku grupa entuzjast\u00f3w i pasjonat\u00f3w &#8211; spo\u0142ecznik\u00f3w zawi\u0105za\u0142a Komitet Obchod\u00f3w 700- lecia naszego miasta. Aby scali\u0107 i umocni\u0107 wsp\u00f3lne dzia\u0142ania, 25.09. 1987 roku przekszta\u0142ci\u0142 si\u0119 on w Towarzystwo Przyjaci\u00f3\u0142 \u0141azisk, kt\u00f3re, po opracowaniu stosownych dokument\u00f3w i statutu, zosta\u0142o wpisane w Rejestr Stowarzysze\u0144 Urz\u0119du Miejskiego w \u0141aziskach G\u00f3rnych. Od tej pory dzia\u0142a nieprzerwanie, wpisane [&hellip;]<\/p>\n","protected":false},"author":1,"featured_media":86,"parent":0,"menu_order":0,"comment_status":"closed","ping_status":"closed","template":"","meta":{"om_disable_all_campaigns":false,"_monsterinsights_skip_tracking":false,"_monsterinsights_sitenote_active":false,"_monsterinsights_sitenote_note":"","_monsterinsights_sitenote_category":0,"ngg_post_thumbnail":0,"footnotes":""},"class_list":["post-59","page","type-page","status-publish","has-post-thumbnail","hentry"],"aioseo_notices":[],"_links":{"self":[{"href":"https:\/\/tpl.laziska.pl\/index.php\/wp-json\/wp\/v2\/pages\/59","targetHints":{"allow":["GET"]}}],"collection":[{"href":"https:\/\/tpl.laziska.pl\/index.php\/wp-json\/wp\/v2\/pages"}],"about":[{"href":"https:\/\/tpl.laziska.pl\/index.php\/wp-json\/wp\/v2\/types\/page"}],"author":[{"embeddable":true,"href":"https:\/\/tpl.laziska.pl\/index.php\/wp-json\/wp\/v2\/users\/1"}],"replies":[{"embeddable":true,"href":"https:\/\/tpl.laziska.pl\/index.php\/wp-json\/wp\/v2\/comments?post=59"}],"version-history":[{"count":6,"href":"https:\/\/tpl.laziska.pl\/index.php\/wp-json\/wp\/v2\/pages\/59\/revisions"}],"predecessor-version":[{"id":1400,"href":"https:\/\/tpl.laziska.pl\/index.php\/wp-json\/wp\/v2\/pages\/59\/revisions\/1400"}],"wp:featuredmedia":[{"embeddable":true,"href":"https:\/\/tpl.laziska.pl\/index.php\/wp-json\/wp\/v2\/media\/86"}],"wp:attachment":[{"href":"https:\/\/tpl.laziska.pl\/index.php\/wp-json\/wp\/v2\/media?parent=59"}],"curies":[{"name":"wp","href":"https:\/\/api.w.org\/{rel}","templated":true}]}}